f 2005 and 5.
5
What is the highest common divisor of 925 and 25?
25
Calculate the greatest common divisor of 330 and 1110.
30
Calculate the highest common divisor of 20 and 1060.
20
Calculate the highest common factor of 14484 and 204.
204
Calculate the highest common divisor of 66 and 6.
6
What is the greatest common factor of 112 and 1204?
28
What is the highest common factor of 104 and 24?
8
What is the greatest common divisor of 26506 and 58?
58
What is the greatest common divisor of 9282 and 510?
102
Calculate the highest common factor of 3105 and 135.
135
Calculate the highest common divisor of 125 and 45.
5
What is the greatest common divisor of 228 and 513?
57
Calculate the highest common divisor of 35 and 1120.
35
Calculate the greatest common factor of 11008 and 3328.
256
Calculate the greatest common factor of 866 and 2.
2
Calculate the highest common factor of 209 and 22.
11
What is the highest common factor of 112 and 154?
14
What is the highest common divisor of 20 and 3010?
10
What is the highest common factor of 2028 and 14?
2
Calculate the greatest common factor of 18 and 54.
18
Calculate the greatest common divisor of 87 and 2784.
87
What is the greatest common factor of 30 and 10?
10
What is the highest common factor of 63 and 84?
21
What is the greatest common factor of 128 and 96?
32
What is the greatest common divisor of 13527 and 835?
167
Calculate the greatest common divisor of 12366 and 54.
54
Calculate the highest common factor of 12 and 64.
4
What is the greatest common divisor of 442 and 34?
34
What is the greatest common factor of 11692 and 148?
148
Calculate the highest common factor of 8 and 3408.
8
What is the highest common factor of 80 and 2544?
16
Calculate the highest common factor of 121 and 385.
11
What is the greatest common divisor of 18 and 2256?
6
What is the highest common divisor of 30 and 42?
6
Calculate the greatest common factor of 122 and 61.
61
Calculate the greatest common factor of 44 and 4.
4
What is the highest common factor of 18 and 1935?
9
What is the highest common divisor of 1890 and 1015?
35
What is the highest common factor of 16 and 508?
4
What is the highest common factor of 10 and 38?
2
Calculate the highest common factor of 9480 and 240.
120
Calculate the greatest common factor of 14514 and 354.
354
What is the greatest common factor of 760 and 40?
40
What is the highest common divisor of 1649 and 17?
17
Calculate the greatest common factor of 119 and 49.
7
What is the greatest common divisor of 175 and 150?
25
What is the greatest common factor of 40 and 25?
5
Calculate the highest common divisor of 49 and 371.
7
Calculate the highest common factor of 65 and 61295.
65
Calculate the highest common divisor of 3956 and 1012.
92
Calculate the greatest common divisor of 400 and 1.
1
What is the greatest common factor of 104 and 637?
13
Calculate the greatest common divisor of 10 and 250.
10
What is the greatest common factor of 84 and 1302?
42
Calculate the greatest common divisor of 50 and 3125.
25
What is the highest common factor of 12 and 408?
12
What is the greatest common divisor of 152 and 323?
19
What is the highest common divisor of 1402 and 2?
2
Calculate the greatest common divisor of 11 and 20603.
11
Calculate the highest common factor of 638 and 44.
22
Calculate the highest common factor of 780 and 1020.
60
Calculate the greatest common divisor of 338 and 494.
26
What is the highest common divisor of 5750 and 5?
5
Calculate the highest common factor of 3021 and 57.
57
Calculate the highest common factor of 52 and 8.
4
What is the highest common divisor of 56 and 812?
28
What is the highest common divisor of 4608 and 360?
72
Calculate the greatest common divisor of 1012 and 88.
44
What is the greatest common divisor of 19665 and 45?
45
Calculate the greatest common factor of 40 and 40.
40
What is the greatest common divisor of 730 and 10?
10
What is the greatest common divisor of 93 and 3?
3
What is the greatest common divisor of 12 and 12030?
6
Calculate the highest common divisor of 288 and 240.
48
What is the highest common factor of 36 and 2?
2
What is the greatest common factor of 38294 and 164?
82
Calculate the highest common factor of 110 and 44.
22
Calculate the highest common divisor of 3488 and 24.
8
Calculate the greatest common divisor of 12987 and 18.
9
Calculate the highest common divisor of 246 and 328.
82
What is the greatest common divisor of 1184 and 740?
148
What is the highest common divisor of 154 and 14?
14
What is the greatest common factor of 105 and 2265?
15
What is the greatest common divisor of 125 and 65?
5
What is the greatest common divisor of 5049 and 374?
187
What is the highest common divisor of 126 and 1750?
14
What is the highest common factor of 1807 and 13?
13
What is the highest common divisor of 304 and 133?
19
Calculate the greatest common factor of 200 and 75.
25
Calculate the greatest common factor of 23 and 5359.
23
Calculate the greatest common divisor of 476 and 84.
28
Calculate the greatest common divisor of 689 and 169.
13
What is the highest common factor of 826 and 126?
14
Calculate the highest common factor of 832 and 2944.
64
Calculate the highest common divisor of 26809 and 19.
19
Calculate the highest common divisor of 73 and 29857.
73
What is the highest common divisor of 2496 and 507?
39
What is the highest common factor of 275 and 33?
11
What is the greatest common divisor of 84 and 36?
12
Calculate the highest common divisor of 53 and 6042.
53
Calculate the highest common divisor of 26 and 39.
13
Calculate the greatest common factor of 800 and 75.
25
What is the greatest common divisor of 145 and 5?
5
What is the highest common factor of 256 and 12?
4
Calculate the highest common factor of 209 and 38.
19
Calculate the highest common factor of 22740 and 120.
60
What is the greatest common factor of 120 and 1992?
24
Calculate the greatest common divisor of 294 and 7840.
98
Calculate the highest common divisor of 168 and 231.
21
Calculate the greatest common factor of 1089 and 3388.
121
Calculate the greatest common divisor of 1148 and 308.
28
Calculate the highest common factor of 3 and 62.
1
Calculate the highest common factor of 104 and 13.
13
Calculate the highest common divisor of 805 and 70.
35
Calculate the highest common divisor of 212 and 2862.
106
What is the highest common divisor of 10 and 28?
2
Calculate the greatest common factor of 252 and 2128.
28
What is the greatest common divisor of 27 and 783?
27
Calculate the greatest common factor of 11 and 704.
11
Calculate the highest common factor of 9916 and 67.
67
Calculate the greatest common factor of 9893 and 13.
13
What is the greatest common divisor of 4512 and 288?
96
What is the greatest common factor of 55 and 22?
11
Calculate the highest common factor of 25 and 60425.
25
Calculate the greatest common divisor of 16074 and 72.
18
Calculate the greatest common divisor of 9 and 333.
9
Calculate the highest common divisor of 128 and 2.
2
What is the highest common factor of 61 and 4087?
61
What is the greatest common factor of 175 and 450?
25
Calculate the highest common factor of 66 and 1122.
66
Calculate the greatest common factor of 522 and 6.
6
Calculate the greatest common divisor of 17171 and 77.
77
What is the highest common factor of 95 and 6365?
95
Calculate the greatest common divisor of 21 and 3.
3
What is the greatest common divisor of 12 and 620?
4
Calculate the highest common divisor of 80 and 16.
16
Calculate the highest common factor of 17820 and 30.
30
What is the greatest common divisor of 14 and 1526?
14
Calculate the highest common divisor of 759 and 891.
33
Calculate the greatest common factor of 1 and 4457.
1
What is the greatest common divisor of 744 and 24?
24
What is the greatest common factor of 18 and 72?
18
Calculate the highest common factor of 225 and 175.
25
What is the highest common factor of 2205 and 63?
63
Calculate the greatest common divisor of 156 and 5564.
52
Calculate the highest common divisor of 8471 and 591.
197
What is the greatest common divisor of 496 and 2294?
62
Calculate the greatest common factor of 31 and 62.
31
Calculate the greatest common divisor of 304 and 513.
19
What is the greatest common divi